 u(y) = -y**3 - 11*y**2 + 2*y + 25. Let f be u(-11). Suppose f*n = a + 745, 237 = n + a - 14. What are the prime factors of n?
3, 83
Let g = -31755 - -77128. What are the prime factors of g?
17, 157
Suppose 17*q - 12 = 14*q. Let u be (-2)/(-4)*q/(-16)*0. Suppose u = -2*f + 135 - 33. What are the prime factors of f?
3, 17
Let h(m) = -m + 8. Let x be h(-8). Let o be 2*1/16 + 12158/x. Suppose 5*k = 5*b + o, -2*k = b - 6*b - 310. List the prime factors of k.
2, 3, 5
What are the prime factors of ((-128)/96)/(-2 + 15960/7983)?
2, 887
List the prime factors of (-123*53)/((-7)/((-126)/(-27))).
2, 41, 53
Let y = 3773 - 1231. Let b = 3767 - y. List the prime factors of b.
5, 7
Let k = -84 - -78. Let o(w) = w**3 + 7*w**2 + 9*w + 18. Let a be o(k). Suppose a = 13*j - 11*j - 26. What are the prime factors of j?
13
Suppose -38*k + 50561 - 13169 + 72542 = 0. What are the prime factors of k?
11, 263
Suppose -3*d = -4*m - 35412, -2*m + 18 - 24 = 0. What are the prime factors of d?
2, 5, 59
Suppose -2*f - 2*a = f - 99, 2*f - 4*a - 66 = 0. Suppose -2*m = -4*x - 0 - 2, -3*x - f = 2*m. Let h(k) = -9*k + 28. List the prime factors of h(m).
109
Suppose -5*a + 4*a + 2*z - 1377 = 0, -z = -4*a - 5536. Let j = -930 - a. List the prime factors of j.
5, 7, 13
Let h(i) = 2 + 0*i + 0*i**2 - 11 + 3*i**2 - 6*i + i**3. Suppose -5*b - 3*z + z + 16 = 0, -14 = -2*b + 3*z. List the prime factors of h(b).
79
Let f = 5576 - -2631. List the prime factors of f.
29, 283
Let j = 37 + -35. Let w be 8/(-4)*(-1)/j. Suppose -w = 3*d - 16. List the prime factors of d.
5
Suppose -5*m - 5*r = -72955, 5*r = 101*m - 98*m - 43821. List the prime factors of m.
11, 1327
List the prime factors of (486 + -4)*((-48)/(-6) - 6).
2, 241
Let u(d) be the first derivative of d**4/2 - 5*d**3 - 11*d**2/2 + 11*d + 130. What are the prime factors of u(12)?
5, 47
Let o = -15876 + 30240. What are the prime factors of o?
2, 3, 7, 19
Suppose 4*j + 2*r - 24071 = 50125, 4*r + 55680 = 3*j. What are the prime factors of j?
2, 3, 773
Let l = 1348 + 7256. List the prime factors of l.
2, 3, 239
Suppose 8*p = 3298 + 39814. What are the prime factors of p?
17, 317
Suppose 2*x + 6 = -5*t - 0*t, -16 = -3*x + 5*t. Suppose -x*p - 41 = -183. List the prime factors of p.
71
What are the prime factors of (-205299)/(-18) + (-7 + 5)*5/4?
3, 7, 181
Let k be ((-2)/2 - -47) + -8 + 5. Suppose k*z = 47*z. Suppose z*u = 7*u - 497. List the prime factors of u.
71
Suppose -5*p = -5*n + 35, 4*n - 2*n - 5*p = -1. Suppose -n*c - 20*c + 49088 = 0. List the prime factors of c.
2, 13, 59
Let j = -122 - -125. Suppose -4*k + 838 = n - 61, 3*k - 681 = -j*n. What are the prime factors of k?
2, 7
Let s = 66 + -78. Let v be s/(-1)*(-1)/(-3). Suppose -5*t + v*t + 43 = -4*j, 5*t - 2*j = 197. What are the prime factors of t?
3, 13
Suppose 2*a + 5*c + 22 = -17, 2*a = -c - 27. What are the prime factors of 4389/18 + (-2)/a?
2, 61
What are the prime factors of (-1 + (6/18 - 0))*1494*-2?
2, 3, 83
Let k be (-64)/(-5) + (-34)/(-170). Suppose k*u - 1860 = 8*u. List the prime factors of u.
2, 3, 31
Suppose 403*a - 399*a - 16 = 0. Suppose 0 = 5*d + u + 1227 - 3256, -a*d + 1640 = 5*u. List the prime factors of d.
3, 5
What are the prime factors of (-3 - 638)/(5 + (-268)/38 + 2)?
19, 641
Suppose 2*z + 570 = 5*q, q - 4*z - 91 = z. What are the prime factors of (q/6)/(833/(-105) + 8)?
2, 5, 29
Let w(c) = -3*c**2 + 23*c - 10. Let x be w(7). Suppose -2*f - f = -x*m + 1, 0 = 4*m + 5*f - 41. Suppose m*n = -0*n + 384. What are the prime factors of n?
2, 3
Let l = 6 - 7. Suppose -5*b = -5, 6*o - 4*o + 3231 = b. List the prime factors of (o/25)/l + 4/10.
5, 13
Let v be -86 - (-5 + 1 + 0). Suppose -5*p - 35 + 0 = -2*m, 4*p + 10 = m. Let t = m - v. What are the prime factors of t?
2, 7
Let y = -157 + 204. List the prime factors of (y - 31)/(2/103).
2, 103
Let t(f) = 6*f**2 + 41*f + 5. Let j be t(-8). Let h = -3 - -8. Suppose -6*x = -h*x - j. What are the prime factors of x?
61
Let x = -120 - -117. Let z be x/6 - (-55)/30*-3. List the prime factors of 22456/140 - (z/(-5))/3.
2, 5
Suppose 7*q - 2*q = 6755. What are the prime factors of q/(-14)*6*-1?
3, 193
Let w be (-7 - 255/(-35)) + (-33)/(-7). Let k be (-30)/(-4)*((-11)/3 + w). Let r(c) = c**2. List the prime factors of r(k).
2, 5
Let v = -158 + 187. Suppose 0 = -v*p - 1972 + 12818. List the prime factors of p.
2, 11, 17
Suppose 110*h - 105*h = 401260. List the prime factors of h.
2, 20063
Let g = -108447 - -153277. List the prime factors of g.
2, 5, 4483
Suppose -155*k - 197190 = -200*k. List the prime factors of k.
2, 7, 313
Let s(z) = 329*z**2 - 39*z - 2. Let y be s(4). Suppose y = 7*x - 5240. List the prime factors of x.
2, 739
Let z(k) = k**3 + 10*k**2 - 8*k + 5. Let n(t) = -t**3 - 9*t**2 + 8*t - 5. Let u(f) = -3*n(f) - 2*z(f). Let l = -11 + 4. List the prime factors of u(l).
61
Let u(i) = 371*i**2 - 3*i + 7. List the prime factors of u(6).
5, 17, 157
Let j = 13027 - 4567. What are the prime factors of j?
2, 3, 5, 47
Let a = 44 - 48. Suppose 3*k + 2*j + 169 = 0, 2*k - 2*j + 93 + 13 = 0. List the prime factors of k*(-2)/a*8/(-4).
5, 11
Let q = -214 + 372. Suppose -2*o = -q - 140. List the prime factors of o.
149
Suppose 2271840 - 78643 = 126*u - 2610175. What are the prime factors of u?
2, 7, 389
Let c = 269 - 97. Suppose -h - 5*a + 59 = -13, 2*h = -3*a + c. What are the prime factors of h?
2, 23
Let n(x) = 427*x**2 + x. Let i be n(-2). Let s be i/14 - (-5)/35. Suppose s = 2*j - b + 4*b, -5*j = -5*b - 330. List the prime factors of j.
2
Suppose -4*v - 2567 = 2*j + 669, 4*j + 2417 = -3*v. Let w = v - -2139. List the prime factors of w.
2, 83
Let l be -8*(16492/16)/(-7). Suppose -11*m + l = -1264. What are the prime factors of m?
2, 3, 37
Suppose 12*u = 4*v + 8*u - 131836, -2*u + 131800 = 4*v. List the prime factors of v.
31, 1063
Suppose 5*b = 2*z + 543, -3*z - 544 = 4*b + 328. Let c = z + 564. What are the prime factors of c?
2, 5, 7
Let q(z) = -12*z - 186. Let g be q(-16). Suppose 26*v = g*v + 10940. What are the prime factors of v?
547
Suppose 0 = 6*f + 7*f + 156. Suppose c + 4254 = 4*j - j, -3*c = j - 1418. What are the prime factors of 8/(-48) - j/f?
2, 59
Let o = -5081 - -7208. List the prime factors of o.
3, 709
Let l(i) = -7*i + 114. Let c be l(16). Suppose 2*r - 1 = -j + 16, 3*j + 4*r - 47 = 0. Suppose j = -2*h + 3, 4*g + c*h = 366. What are the prime factors of g?
2, 47
Suppose -3*z + 272 - 1952 = 4*s, 2107 = -5*s - 2*z. Let t be s/(-12) - 5/20. Suppose -37 = -4*q - 4*f + t, -3*q = -f - 62. List the prime factors of q.
2, 5
Let y = -11 + 7. Let x = 32 + 94. What are the prime factors of (4/y)/((-6)/x)?
3, 7
Suppose 4*f = -o - 1 - 7, -5*o - 2*f + 14 = 0. Suppose -4*g + 115 = i, 33 = o*i - 5*g - 406. What are the prime factors of 1 - (1 - 4 - (i - -1))?
2, 29
Suppose 7*t - 605 = -5*m + 8*t, 3*t = 5*m - 615. Let j be 7 - (1 - 2)*-2. Suppose -4*d + w = -m, -d + 4*d - 90 = j*w. What are the prime factors of d?
2, 3, 5
Let b(i) = -6*i + 12. Let o be b(0). Let c(f) = -2*f**3 + 28*f**2 - 12*f - 13. Let d be c(o). List the prime factors of (-1)/((-4)/d) + 9/(-12).
2, 13
Suppose 7*b - 57885 = -8*b. List the prime factors of b.
17, 227
Let o(j) = -8*j + 5. Let r(f) = -22*f - 11. Let u be r(2). Let v = 44 + u. List the prime factors of o(v).
3, 31
Let u = 12349 - -2835. Suppose 21*z + 5*z = u. What are the prime factors of z?
2, 73
Suppose -2*t + 4*r = -850, 2*t + 3*r + 82 - 897 = 0. Suppose -t + 63 = -j. What are the prime factors of j?
2, 11
Let u(f) = -133*f**2 - 15*f + 3. Let v be u(-9). Let b = v - 1164. List the prime factors of b/38*4/(-6).
3, 23
Let t(u) = -2*u**3 + 88*u**2 + 33*u + 67. What are the prime factors of t(42)?
67, 127
Let p = 9033 - 4859. What are the prime factors of p?
2, 2087
Let y be ((-3)/(-2))/((-12)/(-352)). Suppose -14*p + 11*p = -858. What are the prime factors of y/55 - p/(-5)?
2, 29
Suppose -s + 0*y + 4*y = 26, y = 2. Let g(x) = x**3 + 18*x**2 - 12*x - 27. List the prime factors of g(s).
3, 7
What are the prime factors of (1124/(-3))/((-132)/2673)?
3, 281
Let f(g) = 79*g**3 - 3*g**2 - 3*g - 2. Suppose o = -46 + 48. List the prime factors of f(o).
2, 3, 17
Let g(d) = -105*d - 79. Let i be g(-17). Suppose -i - 4489 = -15*s. List the prime factors of s.
7, 59
Suppose 608*d + 12 = 610*d. List